f.
1
Let h(o) = -o + 1. Let k be h(0). What is the remainder when 1/k*6/3 is divided by 1?
0
What is the remainder when 3 + 27/(-6)*-8 is divided by 22?
17
What is the remainder when (4 - -3) + 2*1 is divided by 5?
4
Suppose -3*o = 6 - 0. Calculate the remainder when 21 is divided by ((-66)/9)/(o/3).
10
Suppose -6*p = -p - 85. Let w be 45/2 + (-6)/(-4). Suppose 0 = 4*h - 0 - w. What is the remainder when p is divided by h?
5
Suppose 4*f + 2*l - 82 = 0, -2*f + f + 13 = -2*l. What is the remainder when 56 is divided by f?
18
Suppose 21 = 13*c - 12*c. What is the remainder when 60 is divided by c?
18
Let j(x) = x**2 + x - 3. Suppose 3*a + 5*z = 10, 5*a - z - 23 = -3*z. Let h(f) = -f**2 + 7*f - 3. Calculate the remainder when h(a) is divided by j(-3).
1
Suppose z + 2 = -3*r, 0*r = -z - r. Suppose -1 = -n + z. Suppose -b + 26 = q, 5 = b - n*b. What is the remainder when q is divided by 8?
7
Suppose -3*k - g = 4, -3*g = 5*k - 2*g + 8. Let t be k*(-1)/(-2)*-2. Suppose x = -t*x + 15. Calculate the remainder when x is divided by 2.
1
Let b be 4/(-3)*6 - 0. Calculate the remainder when 10 is divided by (-1 - b) + (5 - 8).
2
What is the remainder when 31 is divided by ((-27)/(-1))/(60/40)?
13
Let l(q) = 3*q + 8. Let a be l(-6). What is the remainder when 10/4*(-2 + -3 + 9) is divided by (-64)/(-10) - (-4)/a?
4
Suppose -2*b + 396 = -4*z, -5*b + 9 = -1. Calculate the remainder when (-4186)/z - 2/(-7) is divided by 9.
7
Suppose 0 = -4*h - 4*i + 76, -37 = -5*h + 4*h + 5*i. Let k(t) = t**3 - 4*t**2 + 5*t - 7. Calculate the remainder when k(5) is divided by h.
21
Suppose 0 = 5*i + 2*x + 41, 3*i - 8*x + 35 = -4*x. Let g be 6/i*12/(-8). Calculate the remainder when 24 is divided by g/(-4)*(-50 - 2).
11
Calculate the remainder when 4/(-6) - (-286)/6 is divided by 6/9 + -1 + (-147)/(-9).
15
Let g(c) be the second derivative of 0 - c**2 - 2*c - c**3 + 1/12*c**4. What is the remainder when 8 is divided by g(7)?
3
Calculate the remainder when 285/4 + 1 + 8/(-32) is divided by 19.
15
Let s be 4/22 + 96/(-44). Let p = 57 - s. What is the remainder when p is divided by 20?
19
Suppose 3*h - 3*m - 225 = 0, -3*m = 3*h - 309 + 66. What is the remainder when h is divided by 27?
24
Let y be 7/2 - (-1)/2. Suppose -y = -z - 6. What is the remainder when (19/2)/((-1)/z) is divided by 7?
5
Let y(c) = 4*c**3 - c**2 + c. Let h be y(1). Suppose -h = -2*j, 0*l - 5*l + 3*j = -409. Calculate the remainder when l is divided by 28.
27
Suppose 25*n = 31*n - 96. Let j(w) = -11*w - 3. Calculate the remainder when j(-6) is divided by n.
15
Let g(x) be the third derivative of x**4/24 + x**3/6 - 3*x**2. Calculate the remainder when g(6) is divided by 2.
1
Suppose 10*f - 11*f + 23 = 0. Let b = 8 + 0. What is the remainder when f is divided by b?
7
Let a(p) = -p**2 + 8*p + 1. Let r be a(9). Let y = r + 12. Suppose -d = x - 20, -y*x + 19 = -5*d + 101. Calculate the remainder when d is divided by 5.
3
Suppose -6 + 86 = 10*t. What is the remainder when 30 is divided by t?
6
Suppose 7*t - 2*t - 278 = 2*h, -4 = -4*h. Let l = t - 33. Suppose 278 - 10 = 4*o. What is the remainder when o is divided by l?
21
Suppose i + 2*w + 0*w = 39, -3*w = 2*i - 80. Suppose -5*m = -2*g - 53, 2*m - 9 = 3*g + 10. Calculate the remainder when i is divided by m.
10
Let l(t) = -t**3 + 7*t**2 - 5*t - 5. Suppose 3*b - 1 = 5. What is the remainder when b is divided by l(6)?
0
Suppose 0 = 4*q - 38 + 126. Let n = 25 + -40. Let k = n - q. What is the remainder when 12 is divided by k?
5
Suppose -5*d = -2*d + 9. Let b = d + 17. Calculate the remainder when b is divided by 9.
5
Let h(x) = x**3 - 10*x**2 + x + 10. Let w be h(7). What is the remainder when 1/2 + w/(-4) is divided by 9?
6
Suppose 18 = -0*u + 2*u. Suppose i = 2*i + 3. Calculate the remainder when 44 is divided by 6/u - 43/i.
14
Suppose -4*g - 5*f = -1 + 3, -4*g = 4*f. Let n(i) = -i - 5. Calculate the remainder when g is divided by n(-6).
0
Let l(w) = -28*w + 4. What is the remainder when l(-1) is divided by 17?
15
Calculate the remainder when (-8)/(-6)*(-522)/(-12) is divided by 15.
13
Suppose -5*o - 4 = -j - 101, -4*o - j = -83. What is the remainder when ((-79)/(-2))/((-1)/(-2)) is divided by o?
19
Let o(c) = c**2 - 16*c + 29. What is the remainder when 38 is divided by o(15)?
10
Let o = 38 + -18. Calculate the remainder when 38 is divided by o.
18
Let b = 120 + -85. What is the remainder when b is divided by -1 - (-19 + 2 + -2)?
17
Let i = -29 - -50. Calculate the remainder when i is divided by 12.
9
Let s(u) be the first derivative of -u**2/2 + 8*u - 1. Let h be s(5). What is the remainder when 12 is divided by h/(-2) - (-68)/8?
5
Let z(p) = -p**3 + 13*p**2 + p - 15. What is the remainder when z(7) is divided by 32?
30
Let p = 0 - -2. Calculate the remainder when (-1)/(0 - p/10) is divided by 2.
1
What is the remainder when 15 is divided by (-8)/(-60) - 133/(-15)?
6
Suppose 4*i - 26 = 2. Suppose -2*c + i*c = 25. Suppose 3*x - 57 = 3*t - 7*t, 25 = -c*x. Calculate the remainder when t is divided by 10.
8
Suppose 52 + 108 = 4*o. Let z = o - 15. Let v(a) = a**2 - 9*a - 13. What is the remainder when z is divided by v(11)?
7
Let y(k) = k + 2. Let b be y(-2). Suppose -8 = -m - b. Suppose 2*l = -0*l + 44. What is the remainder when l is divided by m?
6
Let k(n) = -4*n - 24. Let p(z) = 7*z. Let m be 0 - ((-2)/1 - 0). What is the remainder when k(-16) is divided by p(m)?
12
Let n = 192 + -136. What is the remainder when n is divided by 30?
26
What is the remainder when 60/(-8)*(-7 - -1) is divided by 17?
11
Let h(r) = r**2 + 11*r - 12. Let m be h(-12). Suppose m = 5*v - 15, 4*u - 2*v - 75 = -1. Calculate the remainder when u is divided by 8.
4
Calculate the remainder when 3 + 15/3 + 18 is divided by 16.
10
Let t(w) = -w**2 + w + 17. Let n be t(5). Suppose 4*g - 13 = 11. Let o = g + n. Calculate the remainder when 8 is divided by o.
2
Let j = -7 - -26. Suppose 4*b = j - 7. Suppose -r + 5*f - 14 - 2 = 0, 3*r = b*f. What is the remainder when 7 is divided by r?
3
Let h(z) = -z**3 + 11*z**2 + 10*z - 9. Let d be h(12). Calculate the remainder when (d - -3)*(-2)/3 is divided by 6.
2
Let i be 1*(-12)/((-2)/2). Suppose -2*k + 2 = -0*k - 4*r, 3 = 3*k - r. Calculate the remainder when i*(k + 0/2) is divided by 7.
5
Suppose 2 = -5*s + 17. Suppose m - 4 = s*p, p + 5*m = -0 + 4. Calculate the remainder when 1 is divided by p/(-2) - 1/(-2).
0
Let b(o) = -2*o**2 + 3*o**2 + 6*o**2 - 2 - 3*o**2. Calculate the remainder when 26 is divided by b(2).
12
Suppose 0 = -2*o - 2*o + 12. Let l be ((-2)/2)/(-3)*o. Let f(u) = 16*u**3 - u. What is the remainder when f(l) is divided by 8?
7
Let h = -32 - -23. Let l(u) = -3*u - 10. Suppose -23 + 188 = 5*n. Calculate the remainder when n is divided by l(h).
16
Suppose -6 = -5*t - 3*g, -3*g + 6 = -2*t - 0*t. Suppose t*r - a + 143 = 4*r, a + 172 = 5*r. What is the remainder when r is divided by (-2)/(-4)*-2*-12?
11
What is the remainder when ((-246)/(-12))/(2/8) is divided by 21?
19
Suppose 24*z - 16 = 20*z. What is the remainder when z is divided by 2?
0
Suppose -f + 0 - 13 = -3*b, 0 = -2*b + 4*f - 8. Let x(i) = i**2 + i + 6. Calculate the remainder when (24/(-5))/(b/(-20)) is divided by x(0).
4
Suppose 3*l + 87 = 4*k, -4*k - 5*l = -0*l - 79. Suppose -b + 11 = -2*c, -b + k - 4 = 4*c. Calculate the remainder when 36 is divided by b.
10
Let y be (-2)/4 - (-273)/2. Suppose -t = -5*t + y. Calculate the remainder when t is divided by 9.
7
Let t(d) = 41*d**2 - 2*d + 1. Calculate the remainder when t(1) is divided by 21.
19
Suppose 5*p - 138 = 4*t, -2*t = -3*p + 2*t + 86. Suppose c + 4*k = 42, 0 = -c + 3*k + 23 + 33. Calculate the remainder when c is divided by p.
24
Suppose -4*p - 26 = -2*p - 4*d, 35 = -5*p - 5*d. Suppose -4*s + 8 = 0, 3 - 1 = 2*l + 3*s. Let c = l - p. What is the remainder when 11 is divided by c?
4
Let m(v) = 3*v + 1. Suppose 106 = 3*n + 4*a, -a + 5 - 1 = 0. Calculate the remainder when n is divided by m(5).
14
Let o(d) be the second derivative of d**2 - 7/6*d**3 + d + 0 - 1/12*d**4. What is the remainder when o(-5) is divided by 7?
5
Let p(i) be the first derivative of -4*i**3 - i + 2. Let x be p(-1). Calculate the remainder when 50 is divided by (6 + -5)/((-1)/x).
11
Suppose -13*a + 9*a + 8 = 0. Calculate the remainder when 3 is divided